{"id":54824,"date":"2025-08-19T09:42:52","date_gmt":"2025-08-19T09:42:52","guid":{"rendered":"https:\/\/www.48hopenhousebarcelona.org\/?post_type=edificis&#038;p=54824"},"modified":"2025-10-03T10:38:02","modified_gmt":"2025-10-03T10:38:02","slug":"palau-del-marques-dalfarras","status":"publish","type":"edificis","link":"https:\/\/www.48hopenhousebarcelona.org\/es\/els-edificis\/palau-del-marques-dalfarras\/","title":{"rendered":"PALAU DEL MARQU\u00c8S D&#8217;ALFARR\u00c0S"},"content":{"rendered":"<p><span data-sheets-root=\"1\">El palacio de Alfarr\u00e0s es el resultado de un largo trayecto hist\u00f3rico que se inicia con la construcci\u00f3n de la torre defensiva en el siglo XI. Un siglo m\u00e1s tarde, fueron a\u00f1adidas varias edificaciones y pas\u00f3 a ser una finca agr\u00edcola hasta que, a finales del siglo XIV, la propiedad fue adquirida por Jaume de Vallseca, miembro de uno de los linajes m\u00e1s poderosos de Barcelona.<\/span><\/p>\n<p>En el siglo XVIII, los Llupi\u00e0, descendientes de los Vallseca y herederos de la finca, adquirieron fincas vecinas y, al mismo tiempo, rehicieron el edificio principal. En 1789, Joan Antoni Desvalls (1740-1820), marqu\u00e9s de Alfarr\u00e0s y de Llupi\u00e0, hered\u00f3 la propiedad de su madre y ampli\u00f3 la finca de nuevo. Mientras realizaba varias obras de mejora, inici\u00f3 tambi\u00e9n la construcci\u00f3n del jard\u00edn.<\/p>\n<p>Pasada la guerra del Franc\u00e9s, sus herederos mantuvieron la voluntad de mejorar la finca, y una de las primeras actuaciones fue la construcci\u00f3n del jard\u00edn de los Bojos, a partir del proyecto del art\u00edfice suizo Domenico Bagutti (1760-1837), que trabajaba para la familia Desvalls desde 1799.<\/p>\n<p>Entre 1845 y 1847, fue realizada la reforma general de la fachada del palacio y la construcci\u00f3n de sus alas laterales, que definen la plaza circular de entrada. Es en este per\u00edodo cuando el pintor Llu\u00eds Rigalt (1814-1894) decor\u00f3 las fachadas con estucados al fresco jugando con un repertorio de formas de inspiraci\u00f3n neo\u00e1rabe y neog\u00f3tica. Hacia 1860, fue a\u00f1adido un nuevo cuerpo de planta rectangular, donde se realizaron, en la primera planta, las denominadas salas nobles.<\/p>\n<p>La familia Desvalls ostent\u00f3 la propiedad hasta 1967, a\u00f1o en el que la finca pas\u00f3 a manos del Ayuntamiento de Barcelona, que la abri\u00f3 como parque p\u00fablico en 1972. Desde 1993, una parte del palacio ha sido utilizada por el Centro de Formaci\u00f3n del Laberinto, para impartir cursos y talleres de jardiner\u00eda, agricultura y biodiverso. En 2025, se han llevado a cabo las \u00faltimas obras de mejora, con el objetivo de recuperar sus elementos singulares y abrir el espacio a la ciudadan\u00eda.<\/p>\n<p>fuente: https:\/\/ajuntament.barcelona.cat\/espaisverds\/ca\/els-parcs-i-jardins\/els-parcs-i-jardins-de-barcelona\/rutes-i-visites\/palau-del-marques-dalfarras-al<\/p>\n","protected":false},"featured_media":55440,"template":"","tags":[],"edicions":[1086],"obert_per":[551,552,549,550],"zones":[928,1075],"seccions":[],"transports":[518],"estils":[596,1060],"usos_actuals":[541],"graella":[],"class_list":["post-54824","edificis","type-edificis","status-publish","has-post-thumbnail","hentry","edicions-1086","obert_per-domingo-manana","obert_per-domingo-tarde","obert_per-sabado-manana","obert_per-sabado-tarde","zones-horta-es","zones-barcelona-es","transports-l3-es","estils-eclecticismo","estils-neoarabe-es","usos_actuals-cultural-es"],"acf":[],"_links":{"self":[{"href":"https:\/\/www.48hopenhousebarcelona.org\/es\/wp-json\/wp\/v2\/edificis\/54824","targetHints":{"allow":["GET"]}}],"collection":[{"href":"https:\/\/www.48hopenhousebarcelona.org\/es\/wp-json\/wp\/v2\/edificis"}],"about":[{"href":"https:\/\/www.48hopenhousebarcelona.org\/es\/wp-json\/wp\/v2\/types\/edificis"}],"wp:featuredmedia":[{"embeddable":true,"href":"https:\/\/www.48hopenhousebarcelona.org\/es\/wp-json\/wp\/v2\/media\/55440"}],"wp:attachment":[{"href":"https:\/\/www.48hopenhousebarcelona.org\/es\/wp-json\/wp\/v2\/media?parent=54824"}],"wp:term":[{"taxonomy":"post_tag","embeddable":true,"href":"https:\/\/www.48hopenhousebarcelona.org\/es\/wp-json\/wp\/v2\/tags?post=54824"},{"taxonomy":"edicions","embeddable":true,"href":"https:\/\/www.48hopenhousebarcelona.org\/es\/wp-json\/wp\/v2\/edicions?post=54824"},{"taxonomy":"obert_per","embeddable":true,"href":"https:\/\/www.48hopenhousebarcelona.org\/es\/wp-json\/wp\/v2\/obert_per?post=54824"},{"taxonomy":"zones","embeddable":true,"href":"https:\/\/www.48hopenhousebarcelona.org\/es\/wp-json\/wp\/v2\/zones?post=54824"},{"taxonomy":"seccions","embeddable":true,"href":"https:\/\/www.48hopenhousebarcelona.org\/es\/wp-json\/wp\/v2\/seccions?post=54824"},{"taxonomy":"transports","embeddable":true,"href":"https:\/\/www.48hopenhousebarcelona.org\/es\/wp-json\/wp\/v2\/transports?post=54824"},{"taxonomy":"estils","embeddable":true,"href":"https:\/\/www.48hopenhousebarcelona.org\/es\/wp-json\/wp\/v2\/estils?post=54824"},{"taxonomy":"usos_actuals","embeddable":true,"href":"https:\/\/www.48hopenhousebarcelona.org\/es\/wp-json\/wp\/v2\/usos_actuals?post=54824"},{"taxonomy":"graella","embeddable":true,"href":"https:\/\/www.48hopenhousebarcelona.org\/es\/wp-json\/wp\/v2\/graella?post=54824"}],"curies":[{"name":"wp","href":"https:\/\/api.w.org\/{rel}","templated":true}]}}

PALAU DEL MARQUÈS D&#8217;ALFARRÀS

<p><span data-sheets-root="1">El palacio de Alfarràs es el resultado de un largo trayecto histórico que se inicia con la construcción de la torre defensiva en el siglo XI. Un siglo más tarde, fueron añadidas varias edificaciones y pasó a ser una finca agrícola hasta que, a finales del siglo XIV, la propiedad fue adquirida por Jaume de Vallseca, miembro de uno de los linajes más poderosos de Barcelona.</span></p>
<p>En el siglo XVIII, los Llupià, descendientes de los Vallseca y herederos de la finca, adquirieron fincas vecinas y, al mismo tiempo, rehicieron el edificio principal. En 1789, Joan Antoni Desvalls (1740-1820), marqués de Alfarràs y de Llupià, heredó la propiedad de su madre y amplió la finca de nuevo. Mientras realizaba varias obras de mejora, inició también la construcción del jardín.</p>
<p>Pasada la guerra del Francés, sus herederos mantuvieron la voluntad de mejorar la finca, y una de las primeras actuaciones fue la construcción del jardín de los Bojos, a partir del proyecto del artífice suizo Domenico Bagutti (1760-1837), que trabajaba para la familia Desvalls desde 1799.</p>
<p>Entre 1845 y 1847, fue realizada la reforma general de la fachada del palacio y la construcción de sus alas laterales, que definen la plaza circular de entrada. Es en este período cuando el pintor Lluís Rigalt (1814-1894) decoró las fachadas con estucados al fresco jugando con un repertorio de formas de inspiración neoárabe y neogótica. Hacia 1860, fue añadido un nuevo cuerpo de planta rectangular, donde se realizaron, en la primera planta, las denominadas salas nobles.</p>
<p>La familia Desvalls ostentó la propiedad hasta 1967, año en el que la finca pasó a manos del Ayuntamiento de Barcelona, que la abrió como parque público en 1972. Desde 1993, una parte del palacio ha sido utilizada por el Centro de Formación del Laberinto, para impartir cursos y talleres de jardinería, agricultura y biodiverso. En 2025, se han llevado a cabo las últimas obras de mejora, con el objetivo de recuperar sus elementos singulares y abrir el espacio a la ciudadanía.</p>
<p>fuente: https://ajuntament.barcelona.cat/espaisverds/ca/els-parcs-i-jardins/els-parcs-i-jardins-de-barcelona/rutes-i-visites/palau-del-marques-dalfarras-al</p>
