{"id":55209,"date":"2025-08-29T16:07:28","date_gmt":"2025-08-29T16:07:28","guid":{"rendered":"https:\/\/www.48hopenhousebarcelona.org\/?post_type=edificis&#038;p=55209"},"modified":"2025-10-01T11:20:35","modified_gmt":"2025-10-01T11:20:35","slug":"edifici-media-tic","status":"publish","type":"edificis","link":"https:\/\/www.48hopenhousebarcelona.org\/es\/els-edificis\/edifici-media-tic\/","title":{"rendered":"EDIFICIO MEDIA-TIC"},"content":{"rendered":"<p><span data-sheets-root=\"1\">Ubicado en el distrito tecnol\u00f3gico 22@, el edificio Media-TIC es un icono de la arquitectura digital y sostenible en Barcelona. Dise\u00f1ado por Enric Ruiz-Geli (Cloud 9), este edificio inteligente de ocho plantas combina investigaci\u00f3n tecnol\u00f3gica, innovaci\u00f3n formal y eficiencia energ\u00e9tica como respuesta a los retos del siglo XXI.<\/span><\/p>\n<p>El proyecto apuesta por una arquitectura bioclim\u00e1tica activa: la fachada sur est\u00e1 recubierta por una piel de ETFE \u2013un pol\u00edmero transparente y ultraligero\u2013, con c\u00e1maras inflables que regulan la luz y la temperatura interiores. Esta soluci\u00f3n reduce la demanda energ\u00e9tica en m\u00e1s de un 20%. Las estructuras met\u00e1licas se dejan a la vista y definen una ret\u00edcula que responde a los usos flexibles de los espacios interiores, pensados como plataformas abiertas para el conocimiento y la colaboraci\u00f3n.<\/p>\n<p>Pensado como un nodo de actividad del sector TIC, el Media-TIC acoge espacios para empresas emergentes, centros de investigaci\u00f3n y servicios digitales. Es una arquitectura que conecta el mundo f\u00edsico con el digital, capaz de gestionar informaci\u00f3n en tiempo real y adaptarse a sus usuarios.<\/p>\n","protected":false},"featured_media":55213,"template":"","tags":[],"edicions":[1086],"obert_per":[549,550],"zones":[1075,1000],"seccions":[808],"transports":[512,519],"estils":[570],"usos_actuals":[559],"graella":[],"class_list":["post-55209","edificis","type-edificis","status-publish","has-post-thumbnail","hentry","edicions-1086","obert_per-sabado-manana","obert_per-sabado-tarde","zones-barcelona-es","zones-poblenou","seccions-open-pro-es","transports-l1-es","transports-l4-es","estils-estilos-contemporaneos","usos_actuals-oficinas"],"acf":[],"_links":{"self":[{"href":"https:\/\/www.48hopenhousebarcelona.org\/es\/wp-json\/wp\/v2\/edificis\/55209","targetHints":{"allow":["GET"]}}],"collection":[{"href":"https:\/\/www.48hopenhousebarcelona.org\/es\/wp-json\/wp\/v2\/edificis"}],"about":[{"href":"https:\/\/www.48hopenhousebarcelona.org\/es\/wp-json\/wp\/v2\/types\/edificis"}],"wp:featuredmedia":[{"embeddable":true,"href":"https:\/\/www.48hopenhousebarcelona.org\/es\/wp-json\/wp\/v2\/media\/55213"}],"wp:attachment":[{"href":"https:\/\/www.48hopenhousebarcelona.org\/es\/wp-json\/wp\/v2\/media?parent=55209"}],"wp:term":[{"taxonomy":"post_tag","embeddable":true,"href":"https:\/\/www.48hopenhousebarcelona.org\/es\/wp-json\/wp\/v2\/tags?post=55209"},{"taxonomy":"edicions","embeddable":true,"href":"https:\/\/www.48hopenhousebarcelona.org\/es\/wp-json\/wp\/v2\/edicions?post=55209"},{"taxonomy":"obert_per","embeddable":true,"href":"https:\/\/www.48hopenhousebarcelona.org\/es\/wp-json\/wp\/v2\/obert_per?post=55209"},{"taxonomy":"zones","embeddable":true,"href":"https:\/\/www.48hopenhousebarcelona.org\/es\/wp-json\/wp\/v2\/zones?post=55209"},{"taxonomy":"seccions","embeddable":true,"href":"https:\/\/www.48hopenhousebarcelona.org\/es\/wp-json\/wp\/v2\/seccions?post=55209"},{"taxonomy":"transports","embeddable":true,"href":"https:\/\/www.48hopenhousebarcelona.org\/es\/wp-json\/wp\/v2\/transports?post=55209"},{"taxonomy":"estils","embeddable":true,"href":"https:\/\/www.48hopenhousebarcelona.org\/es\/wp-json\/wp\/v2\/estils?post=55209"},{"taxonomy":"usos_actuals","embeddable":true,"href":"https:\/\/www.48hopenhousebarcelona.org\/es\/wp-json\/wp\/v2\/usos_actuals?post=55209"},{"taxonomy":"graella","embeddable":true,"href":"https:\/\/www.48hopenhousebarcelona.org\/es\/wp-json\/wp\/v2\/graella?post=55209"}],"curies":[{"name":"wp","href":"https:\/\/api.w.org\/{rel}","templated":true}]}}

<p><span data-sheets-root="1">Ubicado en el distrito tecnológico 22@, el edificio Media-TIC es un icono de la arquitectura digital y sostenible en Barcelona. Diseñado por Enric Ruiz-Geli (Cloud 9), este edificio inteligente de ocho plantas combina investigación tecnológica, innovación formal y eficiencia energética como respuesta a los retos del siglo XXI.</span></p>
<p>El proyecto apuesta por una arquitectura bioclimática activa: la fachada sur está recubierta por una piel de ETFE –un polímero transparente y ultraligero–, con cámaras inflables que regulan la luz y la temperatura interiores. Esta solución reduce la demanda energética en más de un 20%. Las estructuras metálicas se dejan a la vista y definen una retícula que responde a los usos flexibles de los espacios interiores, pensados como plataformas abiertas para el conocimiento y la colaboración.</p>
<p>Pensado como un nodo de actividad del sector TIC, el Media-TIC acoge espacios para empresas emergentes, centros de investigación y servicios digitales. Es una arquitectura que conecta el mundo físico con el digital, capaz de gestionar información en tiempo real y adaptarse a sus usuarios.</p>
