{"id":55438,"date":"2025-09-05T10:51:59","date_gmt":"2025-09-05T10:51:59","guid":{"rendered":"https:\/\/www.48hopenhousebarcelona.org\/?post_type=edificis&#038;p=55438"},"modified":"2025-10-03T11:10:16","modified_gmt":"2025-10-03T11:10:16","slug":"reconversio-de-fabrica-textil-en-estudi","status":"publish","type":"edificis","link":"https:\/\/www.48hopenhousebarcelona.org\/es\/els-edificis\/reconversio-de-fabrica-textil-en-estudi\/","title":{"rendered":"RECONVERSI\u00d3N DE F\u00c1BRICA TEXTIL A ESTUDIO"},"content":{"rendered":"<p><span data-sheets-root=\"1\">En el barrio de El Poblenou, se encuentra este singular edificio industrial de mediados del siglo XX, una antigua f\u00e1brica textil muy cerca del mar, una zona antes bastante olvidada y destinada m\u00e1s bien a la industria. En 1999, se abord\u00f3 la rehabilitaci\u00f3n integral del edificio y los espacios de cada planta fueron transformados en viviendas y estudios profesionales. En la primera planta, se encuentra el estudio de \u00dabeda y Reverter, que por aquel entonces llevaron a cabo la transformaci\u00f3n de esta nave ubicada en el primer nivel. Un espacio de techos altos y gran tama\u00f1o, una nave vac\u00eda y con grandes ventanales, que fue convertida en un espacio multidisciplinar de trabajo, taller y plat\u00f3 ocasional. Un espacio que parece sacado del SoHo neoyorquino, y que ha mantenido la esencia de su origen en la estructura, dando vida a la diversidad y la creatividad. Ahora alberga el showroom de TotCor, un proyecto que habla de amor, arte, dise\u00f1o y artesan\u00eda, a trav\u00e9s del cual podemos contribuir a la esperanza de recuperar la humanidad, el respeto y la cultura en nuestra sociedad.<\/span><\/p>\n","protected":false},"featured_media":56773,"template":"","tags":[],"edicions":[1086],"obert_per":[549],"zones":[1075,1000],"seccions":[],"transports":[519],"estils":[570],"usos_actuals":[559],"graella":[],"class_list":["post-55438","edificis","type-edificis","status-publish","has-post-thumbnail","hentry","edicions-1086","obert_per-sabado-manana","zones-barcelona-es","zones-poblenou","transports-l4-es","estils-estilos-contemporaneos","usos_actuals-oficinas"],"acf":[],"_links":{"self":[{"href":"https:\/\/www.48hopenhousebarcelona.org\/es\/wp-json\/wp\/v2\/edificis\/55438","targetHints":{"allow":["GET"]}}],"collection":[{"href":"https:\/\/www.48hopenhousebarcelona.org\/es\/wp-json\/wp\/v2\/edificis"}],"about":[{"href":"https:\/\/www.48hopenhousebarcelona.org\/es\/wp-json\/wp\/v2\/types\/edificis"}],"wp:featuredmedia":[{"embeddable":true,"href":"https:\/\/www.48hopenhousebarcelona.org\/es\/wp-json\/wp\/v2\/media\/56773"}],"wp:attachment":[{"href":"https:\/\/www.48hopenhousebarcelona.org\/es\/wp-json\/wp\/v2\/media?parent=55438"}],"wp:term":[{"taxonomy":"post_tag","embeddable":true,"href":"https:\/\/www.48hopenhousebarcelona.org\/es\/wp-json\/wp\/v2\/tags?post=55438"},{"taxonomy":"edicions","embeddable":true,"href":"https:\/\/www.48hopenhousebarcelona.org\/es\/wp-json\/wp\/v2\/edicions?post=55438"},{"taxonomy":"obert_per","embeddable":true,"href":"https:\/\/www.48hopenhousebarcelona.org\/es\/wp-json\/wp\/v2\/obert_per?post=55438"},{"taxonomy":"zones","embeddable":true,"href":"https:\/\/www.48hopenhousebarcelona.org\/es\/wp-json\/wp\/v2\/zones?post=55438"},{"taxonomy":"seccions","embeddable":true,"href":"https:\/\/www.48hopenhousebarcelona.org\/es\/wp-json\/wp\/v2\/seccions?post=55438"},{"taxonomy":"transports","embeddable":true,"href":"https:\/\/www.48hopenhousebarcelona.org\/es\/wp-json\/wp\/v2\/transports?post=55438"},{"taxonomy":"estils","embeddable":true,"href":"https:\/\/www.48hopenhousebarcelona.org\/es\/wp-json\/wp\/v2\/estils?post=55438"},{"taxonomy":"usos_actuals","embeddable":true,"href":"https:\/\/www.48hopenhousebarcelona.org\/es\/wp-json\/wp\/v2\/usos_actuals?post=55438"},{"taxonomy":"graella","embeddable":true,"href":"https:\/\/www.48hopenhousebarcelona.org\/es\/wp-json\/wp\/v2\/graella?post=55438"}],"curies":[{"name":"wp","href":"https:\/\/api.w.org\/{rel}","templated":true}]}}

RECONVERSIÓN DE FÁBRICA TEXTIL A ESTUDIO

<p><span data-sheets-root="1">En el barrio de El Poblenou, se encuentra este singular edificio industrial de mediados del siglo XX, una antigua fábrica textil muy cerca del mar, una zona antes bastante olvidada y destinada más bien a la industria. En 1999, se abordó la rehabilitación integral del edificio y los espacios de cada planta fueron transformados en viviendas y estudios profesionales. En la primera planta, se encuentra el estudio de Úbeda y Reverter, que por aquel entonces llevaron a cabo la transformación de esta nave ubicada en el primer nivel. Un espacio de techos altos y gran tamaño, una nave vacía y con grandes ventanales, que fue convertida en un espacio multidisciplinar de trabajo, taller y plató ocasional. Un espacio que parece sacado del SoHo neoyorquino, y que ha mantenido la esencia de su origen en la estructura, dando vida a la diversidad y la creatividad. Ahora alberga el showroom de TotCor, un proyecto que habla de amor, arte, diseño y artesanía, a través del cual podemos contribuir a la esperanza de recuperar la humanidad, el respeto y la cultura en nuestra sociedad.</span></p>
