{"id":55538,"date":"2025-09-09T15:51:23","date_gmt":"2025-09-09T15:51:23","guid":{"rendered":"https:\/\/www.48hopenhousebarcelona.org\/?post_type=edificis&#038;p=55538"},"modified":"2026-02-11T11:09:33","modified_gmt":"2026-02-11T11:09:33","slug":"itinerari-joan-amigo","status":"publish","type":"edificis","link":"https:\/\/www.48hopenhousebarcelona.org\/es\/els-edificis\/itinerari-joan-amigo\/","title":{"rendered":"ITINERARIO JOAN AMIG\u00d3"},"content":{"rendered":"<p><span data-sheets-root=\"1\">Recorrido guiado por los principales edificios que Joan Amig\u00f3 i Barriga (1875-1958), uno de los m\u00e1s destacados arquitectos modernistas de Badalona, proyect\u00f3 en la ciudad. Descubriremos sus obras m\u00e1s emblem\u00e1ticas y el contexto hist\u00f3rico y art\u00edstico en el que se fueron construidas.<\/span><\/p>\n<p>La visita ir\u00e1 a cargo de la historiadora del arte Margarida Abras, exdirectora del Museo de Badalona, y est\u00e1 organizada en el marco de la exposici\u00f3n Joan Amig\u00f3 i Barriga (1875-1958). Arquitecto modernista de Badalona, finalizada recientemente.<\/p>\n","protected":false},"featured_media":55383,"template":"","tags":[],"edicions":[1086],"obert_per":[551],"zones":[492],"seccions":[985],"transports":[517],"estils":[553],"usos_actuals":[547],"graella":[],"class_list":["post-55538","edificis","type-edificis","status-publish","has-post-thumbnail","hentry","edicions-1086","obert_per-domingo-manana","zones-badalona-es","seccions-inscripcion-previa","transports-l2-es","estils-modernismo","usos_actuals-residencial-es"],"acf":[],"_links":{"self":[{"href":"https:\/\/www.48hopenhousebarcelona.org\/es\/wp-json\/wp\/v2\/edificis\/55538","targetHints":{"allow":["GET"]}}],"collection":[{"href":"https:\/\/www.48hopenhousebarcelona.org\/es\/wp-json\/wp\/v2\/edificis"}],"about":[{"href":"https:\/\/www.48hopenhousebarcelona.org\/es\/wp-json\/wp\/v2\/types\/edificis"}],"wp:featuredmedia":[{"embeddable":true,"href":"https:\/\/www.48hopenhousebarcelona.org\/es\/wp-json\/wp\/v2\/media\/55383"}],"wp:attachment":[{"href":"https:\/\/www.48hopenhousebarcelona.org\/es\/wp-json\/wp\/v2\/media?parent=55538"}],"wp:term":[{"taxonomy":"post_tag","embeddable":true,"href":"https:\/\/www.48hopenhousebarcelona.org\/es\/wp-json\/wp\/v2\/tags?post=55538"},{"taxonomy":"edicions","embeddable":true,"href":"https:\/\/www.48hopenhousebarcelona.org\/es\/wp-json\/wp\/v2\/edicions?post=55538"},{"taxonomy":"obert_per","embeddable":true,"href":"https:\/\/www.48hopenhousebarcelona.org\/es\/wp-json\/wp\/v2\/obert_per?post=55538"},{"taxonomy":"zones","embeddable":true,"href":"https:\/\/www.48hopenhousebarcelona.org\/es\/wp-json\/wp\/v2\/zones?post=55538"},{"taxonomy":"seccions","embeddable":true,"href":"https:\/\/www.48hopenhousebarcelona.org\/es\/wp-json\/wp\/v2\/seccions?post=55538"},{"taxonomy":"transports","embeddable":true,"href":"https:\/\/www.48hopenhousebarcelona.org\/es\/wp-json\/wp\/v2\/transports?post=55538"},{"taxonomy":"estils","embeddable":true,"href":"https:\/\/www.48hopenhousebarcelona.org\/es\/wp-json\/wp\/v2\/estils?post=55538"},{"taxonomy":"usos_actuals","embeddable":true,"href":"https:\/\/www.48hopenhousebarcelona.org\/es\/wp-json\/wp\/v2\/usos_actuals?post=55538"},{"taxonomy":"graella","embeddable":true,"href":"https:\/\/www.48hopenhousebarcelona.org\/es\/wp-json\/wp\/v2\/graella?post=55538"}],"curies":[{"name":"wp","href":"https:\/\/api.w.org\/{rel}","templated":true}]}}

ITINERARIO JOAN AMIGÓ

<p><span data-sheets-root="1">Recorrido guiado por los principales edificios que Joan Amigó i Barriga (1875-1958), uno de los más destacados arquitectos modernistas de Badalona, proyectó en la ciudad. Descubriremos sus obras más emblemáticas y el contexto histórico y artístico en el que se fueron construidas.</span></p>
<p>La visita irá a cargo de la historiadora del arte Margarida Abras, exdirectora del Museo de Badalona, y está organizada en el marco de la exposición Joan Amigó i Barriga (1875-1958). Arquitecto modernista de Badalona, finalizada recientemente.</p>
