{"id":55565,"date":"2025-09-11T10:17:45","date_gmt":"2025-09-11T10:17:45","guid":{"rendered":"https:\/\/www.48hopenhousebarcelona.org\/?post_type=edificis&#038;p=55565"},"modified":"2025-10-20T11:46:39","modified_gmt":"2025-10-20T11:46:39","slug":"recinte-fabra-i-coats-sala-de-calderes","status":"publish","type":"edificis","link":"https:\/\/www.48hopenhousebarcelona.org\/es\/els-edificis\/recinte-fabra-i-coats-sala-de-calderes\/","title":{"rendered":"RECINTO FABRA I COATS &#8211; SALA DE CALDERAS"},"content":{"rendered":"<p>La Sala de Calderes forma parte del conjunto patrimonial del antiguo recinto industrial Fabra i Coats, un espacio \u00fanico en Catalu\u00f1a, porque conserva todav\u00eda el sistema energ\u00e9tico completo y no alterado de una gran f\u00e1brica textil. Construida a inicios del siglo XX, era el coraz\u00f3n energ\u00e9tico de la planta: all\u00ed llegaban las diferentes fuentes de energ\u00eda que alimentaban a todo el recinto \u2013vapor, fuel-oil, gas y electricidad\u2013 en funci\u00f3n del momento hist\u00f3rico y de los avances tecnol\u00f3gicos.<\/p>\n<p>En el a\u00f1o 1903, naci\u00f3 la Compa\u00f1\u00eda An\u00f3nima Hilaturas de Fabra y Coats, fruto de la fusi\u00f3n entre la familia Fabra y la multinacional escocesa Coats. La f\u00e1brica, dedicada a la producci\u00f3n de hilos de coser y redes de pesca, tuvo una gran influencia en la vida social y econ\u00f3mica del barrio de Sant Andreu. Durante m\u00e1s de ochenta a\u00f1os, Fabra i Coats fue un referente de innovaci\u00f3n industrial y un agente activo en la promoci\u00f3n de los derechos laborales. La crisis de los a\u00f1os setenta, la reconversi\u00f3n industrial y la globalizaci\u00f3n llevaron a su cierre definitivo, en 2005.<\/p>\n<p>La recuperaci\u00f3n arquitect\u00f3nica de la Sala de Calderas, de grandes dimensiones y con amplia documentaci\u00f3n hist\u00f3rica asociada, nos permite adentrarnos en la memoria t\u00e9cnica y social de la Barcelona industrial. El espacio ofrece un testimonio excepcional sobre el funcionamiento de una instalaci\u00f3n energ\u00e9tica industrial y la transformaci\u00f3n del recinto en un centro cultural y patrimonial vivo en el siglo XXI.<\/p>\n<p>Este espacio forma parte del Museu d&#8217;Hist\u00f2ria de Barcelona.<\/p>\n","protected":false},"featured_media":55682,"template":"","tags":[],"edicions":[1086],"obert_per":[551],"zones":[500,1075],"seccions":[],"transports":[512,514,525],"estils":[587],"usos_actuals":[541],"graella":[],"class_list":["post-55565","edificis","type-edificis","status-publish","has-post-thumbnail","hentry","edicions-1086","obert_per-domingo-manana","zones-sant-andreu-es","zones-barcelona-es","transports-l1-es","transports-l10n-es","transports-l9n-es","estils-historico-contemporaneo","usos_actuals-cultural-es"],"acf":[],"_links":{"self":[{"href":"https:\/\/www.48hopenhousebarcelona.org\/es\/wp-json\/wp\/v2\/edificis\/55565","targetHints":{"allow":["GET"]}}],"collection":[{"href":"https:\/\/www.48hopenhousebarcelona.org\/es\/wp-json\/wp\/v2\/edificis"}],"about":[{"href":"https:\/\/www.48hopenhousebarcelona.org\/es\/wp-json\/wp\/v2\/types\/edificis"}],"wp:featuredmedia":[{"embeddable":true,"href":"https:\/\/www.48hopenhousebarcelona.org\/es\/wp-json\/wp\/v2\/media\/55682"}],"wp:attachment":[{"href":"https:\/\/www.48hopenhousebarcelona.org\/es\/wp-json\/wp\/v2\/media?parent=55565"}],"wp:term":[{"taxonomy":"post_tag","embeddable":true,"href":"https:\/\/www.48hopenhousebarcelona.org\/es\/wp-json\/wp\/v2\/tags?post=55565"},{"taxonomy":"edicions","embeddable":true,"href":"https:\/\/www.48hopenhousebarcelona.org\/es\/wp-json\/wp\/v2\/edicions?post=55565"},{"taxonomy":"obert_per","embeddable":true,"href":"https:\/\/www.48hopenhousebarcelona.org\/es\/wp-json\/wp\/v2\/obert_per?post=55565"},{"taxonomy":"zones","embeddable":true,"href":"https:\/\/www.48hopenhousebarcelona.org\/es\/wp-json\/wp\/v2\/zones?post=55565"},{"taxonomy":"seccions","embeddable":true,"href":"https:\/\/www.48hopenhousebarcelona.org\/es\/wp-json\/wp\/v2\/seccions?post=55565"},{"taxonomy":"transports","embeddable":true,"href":"https:\/\/www.48hopenhousebarcelona.org\/es\/wp-json\/wp\/v2\/transports?post=55565"},{"taxonomy":"estils","embeddable":true,"href":"https:\/\/www.48hopenhousebarcelona.org\/es\/wp-json\/wp\/v2\/estils?post=55565"},{"taxonomy":"usos_actuals","embeddable":true,"href":"https:\/\/www.48hopenhousebarcelona.org\/es\/wp-json\/wp\/v2\/usos_actuals?post=55565"},{"taxonomy":"graella","embeddable":true,"href":"https:\/\/www.48hopenhousebarcelona.org\/es\/wp-json\/wp\/v2\/graella?post=55565"}],"curies":[{"name":"wp","href":"https:\/\/api.w.org\/{rel}","templated":true}]}}

<p>La Sala de Calderes forma parte del conjunto patrimonial del antiguo recinto industrial Fabra i Coats, un espacio único en Cataluña, porque conserva todavía el sistema energético completo y no alterado de una gran fábrica textil. Construida a inicios del siglo XX, era el corazón energético de la planta: allí llegaban las diferentes fuentes de energía que alimentaban a todo el recinto –vapor, fuel-oil, gas y electricidad– en función del momento histórico y de los avances tecnológicos.</p>
<p>En el año 1903, nació la Compañía Anónima Hilaturas de Fabra y Coats, fruto de la fusión entre la familia Fabra y la multinacional escocesa Coats. La fábrica, dedicada a la producción de hilos de coser y redes de pesca, tuvo una gran influencia en la vida social y económica del barrio de Sant Andreu. Durante más de ochenta años, Fabra i Coats fue un referente de innovación industrial y un agente activo en la promoción de los derechos laborales. La crisis de los años setenta, la reconversión industrial y la globalización llevaron a su cierre definitivo, en 2005.</p>
<p>La recuperación arquitectónica de la Sala de Calderas, de grandes dimensiones y con amplia documentación histórica asociada, nos permite adentrarnos en la memoria técnica y social de la Barcelona industrial. El espacio ofrece un testimonio excepcional sobre el funcionamiento de una instalación energética industrial y la transformación del recinto en un centro cultural y patrimonial vivo en el siglo XXI.</p>
<p>Este espacio forma parte del Museu d&#8217;Història de Barcelona.</p>
