{"id":14343,"date":"2019-11-15T10:51:09","date_gmt":"2019-11-15T10:51:09","guid":{"rendered":"https:\/\/www.48hopenhousebarcelona.org\/?page_id=14343"},"modified":"2020-03-23T14:30:55","modified_gmt":"2020-03-23T14:30:55","slug":"la-arquitectura-del-agua","status":"publish","type":"page","link":"https:\/\/www.48hopenhousebarcelona.org\/es\/la-arquitectura-del-agua\/","title":{"rendered":"La arquitectura del agua"},"content":{"rendered":"<p><img loading=\"lazy\" decoding=\"async\" class=\"alignnone wp-image-7346\" src=\"https:\/\/www.48hopenhousebarcelona.org\/wp-content\/uploads\/2019\/10\/web-ARQUI-AIGUA-1-300x169.jpg\" alt=\"\" width=\"762\" height=\"429\" srcset=\"https:\/\/www.48hopenhousebarcelona.org\/wp-content\/uploads\/2019\/10\/web-ARQUI-AIGUA-1-300x169.jpg 300w, https:\/\/www.48hopenhousebarcelona.org\/wp-content\/uploads\/2019\/10\/web-ARQUI-AIGUA-1-400x225.jpg 400w, https:\/\/www.48hopenhousebarcelona.org\/wp-content\/uploads\/2019\/10\/web-ARQUI-AIGUA-1-768x432.jpg 768w, https:\/\/www.48hopenhousebarcelona.org\/wp-content\/uploads\/2019\/10\/web-ARQUI-AIGUA-1-1024x576.jpg 1024w, https:\/\/www.48hopenhousebarcelona.org\/wp-content\/uploads\/2019\/10\/web-ARQUI-AIGUA-1-380x215.jpg 380w, https:\/\/www.48hopenhousebarcelona.org\/wp-content\/uploads\/2019\/10\/web-ARQUI-AIGUA-1.jpg 1860w\" sizes=\"auto, (max-width: 762px) 100vw, 762px\" \/><\/p>\n<p>El festival de arquitectura\u00a048h\u00a0Open\u00a0House\u00a0BCN dedica una l\u00ednea de programaci\u00f3n a la reivindicaci\u00f3n del agua como agente generador de vida y del paisaje construido.<\/p>\n<p>Desde un punto de vista t\u00e9cnico, se podr\u00e1n visitar edificios e infraestructuras concebidos a escala metropolitana para proveer a la poblaci\u00f3n de agua potable y saneamiento; y, desde un punto de vista art\u00edstico, nos adentraremos en espacios que han usado el agua como elemento de composici\u00f3n arquitect\u00f3nica con el fin de generar edificios singulares para la ciudad y experiencias enriquecedoras sensoriales para los visitantes<\/p>\n<p style=\"font-weight: 400;\">La arquitecta <strong>Maria\u00a0Sisternas<\/strong> es la representante de la Arquitectura del Agua en la programaci\u00f3n del <a href=\"https:\/\/www.facebook.com\/hashtag\/ohb19?source=feed_text&amp;epa=HASHTAG&amp;__xts__%5B0%5D=68.ARAlV08IkiYH6Uz9JKCkzpcWuILBwWgH6cxNT8sDNXaeDmIQpwz521MTIpmH3n52bbQhMZP0koihtOyc26JaIP4sTGqQqpgaybDILiqDGWjx6xAriIjq_xEHwO2gGVkW576qqgE3rd377bAZww9SHoD2Ht6xM2t9l1MiOMMXPTrGIhS11XcNXTozw6r3eHNTkMZ2qRsx3N7fY0YlGAHnz2pK8tjLpbpMzyejiBt9qLGHrnZfzDZEozpJxTW8nPwP7MZKyQANDs8Emb7B--jGS6Bzvq-h7i7Xjvk-3VjUYV8sld3ZWsq3cEw3Lee6NQLIbRBhvb1CR8meP0CfWS3sZ9wb3Q&amp;__tn__=%2ANK-R\" data-saferedirecturl=\"https:\/\/www.google.com\/url?q=https:\/\/www.facebook.com\/hashtag\/ohb19?source%3Dfeed_text%26epa%3DHASHTAG%26__xts__%255B0%255D%3D68.ARAlV08IkiYH6Uz9JKCkzpcWuILBwWgH6cxNT8sDNXaeDmIQpwz521MTIpmH3n52bbQhMZP0koihtOyc26JaIP4sTGqQqpgaybDILiqDGWjx6xAriIjq_xEHwO2gGVkW576qqgE3rd377bAZww9SHoD2Ht6xM2t9l1MiOMMXPTrGIhS11XcNXTozw6r3eHNTkMZ2qRsx3N7fY0YlGAHnz2pK8tjLpbpMzyejiBt9qLGHrnZfzDZEozpJxTW8nPwP7MZKyQANDs8Emb7B--jGS6Bzvq-h7i7Xjvk-3VjUYV8sld3ZWsq3cEw3Lee6NQLIbRBhvb1CR8meP0CfWS3sZ9wb3Q%26__tn__%3D%252ANK-R&amp;source=gmail&amp;ust=1570886271856000&amp;usg=AFQjCNHMXfvMv1Co_RFP5IvgWwwHr5ajhA\">#OHB19<\/a><\/p>\n<p>MARIA SISTERNAS<\/p>\n<p>Maria Sisternas es una arquitecta y consultora centrada en el estudio del desarrollo de las ciudades globales y la interacci\u00f3n entre los \u00e1mbitos digital, social y econ\u00f3mico involucrados en las transformaciones urbanas. Entre los a\u00f1os 2012 y 2015 fue la directora de proyectos del \u00c0rea d\u2019H\u00e0bitat Urb\u00e0 del Ajuntament de Barcelona, es cofundadora de Mediaurban (agencia para el contenido urbano del grupo Mediapro), contribuye regularmente en la prensa escrita con art\u00edculos de opini\u00f3n sobre cuestiones urbanas y ejerce de consultora para Aig\u00fces de Barcelona.<\/p>\n<p>Se ofrecen las siguientes experiencias arquitect\u00f3nicas:<\/p>\n<a class=\"md-btn button shortcode_button uk-light\" href=\"https:\/\/www.48hopenhousebarcelona.org\/es\/secciones\/arquitectura-del-agua\/\">PROGRAMACI\u00d3N DE LA ARQUITECTURA DEL AGUA<\/a>\n<p>Con el soporte de Aig\u00fces de Barcelona:<\/p>\n<p><img loading=\"lazy\" decoding=\"async\" class=\"alignnone size-medium wp-image-7349\" src=\"https:\/\/www.48hopenhousebarcelona.org\/wp-content\/uploads\/2019\/10\/logo-vector-aigues-de-barcelona-300x152.jpg\" alt=\"\" width=\"300\" height=\"152\" srcset=\"https:\/\/www.48hopenhousebarcelona.org\/wp-content\/uploads\/2019\/10\/logo-vector-aigues-de-barcelona-300x152.jpg 300w, https:\/\/www.48hopenhousebarcelona.org\/wp-content\/uploads\/2019\/10\/logo-vector-aigues-de-barcelona-400x203.jpg 400w, https:\/\/www.48hopenhousebarcelona.org\/wp-content\/uploads\/2019\/10\/logo-vector-aigues-de-barcelona.jpg 630w\" sizes=\"auto, (max-width: 300px) 100vw, 300px\" \/><\/p>\n","protected":false},"excerpt":{"rendered":"<p>El festival de arquitectura\u00a048h\u00a0Open\u00a0House\u00a0BCN dedica una l\u00ednea de programaci\u00f3n a la reivindicaci\u00f3n del agua como agente generador de vida y del paisaje construido. Desde un punto de vista t\u00e9cnico, se podr\u00e1n visitar edificios e infraestructuras concebidos a escala metropolitana para proveer a la poblaci\u00f3n de agua potable y saneamiento; y, desde un punto de vista [&hellip;]<\/p>\n","protected":false},"author":2,"featured_media":0,"parent":0,"menu_order":0,"comment_status":"closed","ping_status":"closed","template":"","meta":{"_acf_changed":false,"footnotes":""},"class_list":["post-14343","page","type-page","status-publish","hentry"],"acf":[],"_links":{"self":[{"href":"https:\/\/www.48hopenhousebarcelona.org\/es\/wp-json\/wp\/v2\/pages\/14343","targetHints":{"allow":["GET"]}}],"collection":[{"href":"https:\/\/www.48hopenhousebarcelona.org\/es\/wp-json\/wp\/v2\/pages"}],"about":[{"href":"https:\/\/www.48hopenhousebarcelona.org\/es\/wp-json\/wp\/v2\/types\/page"}],"author":[{"embeddable":true,"href":"https:\/\/www.48hopenhousebarcelona.org\/es\/wp-json\/wp\/v2\/users\/2"}],"replies":[{"embeddable":true,"href":"https:\/\/www.48hopenhousebarcelona.org\/es\/wp-json\/wp\/v2\/comments?post=14343"}],"version-history":[{"count":3,"href":"https:\/\/www.48hopenhousebarcelona.org\/es\/wp-json\/wp\/v2\/pages\/14343\/revisions"}],"predecessor-version":[{"id":15105,"href":"https:\/\/www.48hopenhousebarcelona.org\/es\/wp-json\/wp\/v2\/pages\/14343\/revisions\/15105"}],"wp:attachment":[{"href":"https:\/\/www.48hopenhousebarcelona.org\/es\/wp-json\/wp\/v2\/media?parent=14343"}],"curies":[{"name":"wp","href":"https:\/\/api.w.org\/{rel}","templated":true}]}}

<p><img loading="lazy" decoding="async" class="alignnone wp-image-7346" src="https://www.48hopenhousebarcelona.org/wp-content/uploads/2019/10/web-ARQUI-AIGUA-1-300x169.jpg" alt="" width="762" height="429" srcset="https://www.48hopenhousebarcelona.org/wp-content/uploads/2019/10/web-ARQUI-AIGUA-1-300x169.jpg 300w, https://www.48hopenhousebarcelona.org/wp-content/uploads/2019/10/web-ARQUI-AIGUA-1-400x225.jpg 400w, https://www.48hopenhousebarcelona.org/wp-content/uploads/2019/10/web-ARQUI-AIGUA-1-768x432.jpg 768w, https://www.48hopenhousebarcelona.org/wp-content/uploads/2019/10/web-ARQUI-AIGUA-1-1024x576.jpg 1024w, https://www.48hopenhousebarcelona.org/wp-content/uploads/2019/10/web-ARQUI-AIGUA-1-380x215.jpg 380w, https://www.48hopenhousebarcelona.org/wp-content/uploads/2019/10/web-ARQUI-AIGUA-1.jpg 1860w" sizes="auto, (max-width: 762px) 100vw, 762px" /></p>
<p>El festival de arquitectura 48h Open House BCN dedica una línea de programación a la reivindicación del agua como agente generador de vida y del paisaje construido.</p>
<p>Desde un punto de vista técnico, se podrán visitar edificios e infraestructuras concebidos a escala metropolitana para proveer a la población de agua potable y saneamiento; y, desde un punto de vista artístico, nos adentraremos en espacios que han usado el agua como elemento de composición arquitectónica con el fin de generar edificios singulares para la ciudad y experiencias enriquecedoras sensoriales para los visitantes</p>
<p style="font-weight: 400;">La arquitecta <strong>Maria Sisternas</strong> es la representante de la Arquitectura del Agua en la programación del <a href="https://www.facebook.com/hashtag/ohb19?source=feed_text&amp;epa=HASHTAG&amp;__xts__%5B0%5D=68.ARAlV08IkiYH6Uz9JKCkzpcWuILBwWgH6cxNT8sDNXaeDmIQpwz521MTIpmH3n52bbQhMZP0koihtOyc26JaIP4sTGqQqpgaybDILiqDGWjx6xAriIjq_xEHwO2gGVkW576qqgE3rd377bAZww9SHoD2Ht6xM2t9l1MiOMMXPTrGIhS11XcNXTozw6r3eHNTkMZ2qRsx3N7fY0YlGAHnz2pK8tjLpbpMzyejiBt9qLGHrnZfzDZEozpJxTW8nPwP7MZKyQANDs8Emb7B--jGS6Bzvq-h7i7Xjvk-3VjUYV8sld3ZWsq3cEw3Lee6NQLIbRBhvb1CR8meP0CfWS3sZ9wb3Q&amp;__tn__=%2ANK-R" data-saferedirecturl="https://www.google.com/url?q=https://www.facebook.com/hashtag/ohb19?source%3Dfeed_text%26epa%3DHASHTAG%26__xts__%255B0%255D%3D68.ARAlV08IkiYH6Uz9JKCkzpcWuILBwWgH6cxNT8sDNXaeDmIQpwz521MTIpmH3n52bbQhMZP0koihtOyc26JaIP4sTGqQqpgaybDILiqDGWjx6xAriIjq_xEHwO2gGVkW576qqgE3rd377bAZww9SHoD2Ht6xM2t9l1MiOMMXPTrGIhS11XcNXTozw6r3eHNTkMZ2qRsx3N7fY0YlGAHnz2pK8tjLpbpMzyejiBt9qLGHrnZfzDZEozpJxTW8nPwP7MZKyQANDs8Emb7B--jGS6Bzvq-h7i7Xjvk-3VjUYV8sld3ZWsq3cEw3Lee6NQLIbRBhvb1CR8meP0CfWS3sZ9wb3Q%26__tn__%3D%252ANK-R&amp;source=gmail&amp;ust=1570886271856000&amp;usg=AFQjCNHMXfvMv1Co_RFP5IvgWwwHr5ajhA">#OHB19</a></p>
<p>MARIA SISTERNAS</p>
<p>Maria Sisternas es una arquitecta y consultora centrada en el estudio del desarrollo de las ciudades globales y la interacción entre los ámbitos digital, social y económico involucrados en las transformaciones urbanas. Entre los años 2012 y 2015 fue la directora de proyectos del Àrea d’Hàbitat Urbà del Ajuntament de Barcelona, es cofundadora de Mediaurban (agencia para el contenido urbano del grupo Mediapro), contribuye regularmente en la prensa escrita con artículos de opinión sobre cuestiones urbanas y ejerce de consultora para Aigües de Barcelona.</p>
<p>Se ofrecen las siguientes experiencias arquitectónicas:</p>
<a class="md-btn button shortcode_button uk-light" href="https://www.48hopenhousebarcelona.org/es/secciones/arquitectura-del-agua/">PROGRAMACIÓN DE LA ARQUITECTURA DEL AGUA</a>
<p>Con el soporte de Aigües de Barcelona:</p>
<p><img loading="lazy" decoding="async" class="alignnone size-medium wp-image-7349" src="https://www.48hopenhousebarcelona.org/wp-content/uploads/2019/10/logo-vector-aigues-de-barcelona-300x152.jpg" alt="" width="300" height="152" srcset="https://www.48hopenhousebarcelona.org/wp-content/uploads/2019/10/logo-vector-aigues-de-barcelona-300x152.jpg 300w, https://www.48hopenhousebarcelona.org/wp-content/uploads/2019/10/logo-vector-aigues-de-barcelona-400x203.jpg 400w, https://www.48hopenhousebarcelona.org/wp-content/uploads/2019/10/logo-vector-aigues-de-barcelona.jpg 630w" sizes="auto, (max-width: 300px) 100vw, 300px" /></p>

<p>El festival de arquitectura 48h Open House BCN dedica una línea de programación a la reivindicación del agua como agente generador de vida y del paisaje construido. Desde un punto de vista técnico, se podrán visitar edificios e infraestructuras concebidos a escala metropolitana para proveer a la población de agua potable y saneamiento; y, desde un punto de vista [&hellip;]</p>
