{"id":45097,"date":"2023-10-02T11:32:16","date_gmt":"2023-10-02T11:32:16","guid":{"rendered":"https:\/\/www.48hopenhousebarcelona.org\/?page_id=45097"},"modified":"2024-09-17T12:26:11","modified_gmt":"2024-09-17T12:26:11","slug":"domenech-i-montaner-arquitecto-del-ano","status":"publish","type":"page","link":"https:\/\/www.48hopenhousebarcelona.org\/es\/domenech-i-montaner-arquitecto-del-ano\/","title":{"rendered":"DOM\u00c8NECH I MONTANER: arquitecto del a\u00f1o 2023"},"content":{"rendered":"\r\n<figure class=\"wp-block-image size-full\"><img decoding=\"async\" class=\"wp-image-45074\" src=\"https:\/\/www.48hopenhousebarcelona.org\/wp-content\/uploads\/2023\/10\/DOMENECH_CAMARALUZ.jpg\" alt=\"\" \/><\/figure>\r\n\r\n\r\n\r\n<p>En este 2023, u<span lang=\"CA\">na parte de la programaci\u00f3n del festival 48h Open House BCN se organiza alrededor del <strong>a\u00f1o<\/strong> <b>Dom\u00e8nech i Montaner<\/b>. Este a\u00f1o se conmemora el centenario de la muerte de este arquitecto catal\u00e1n, as\u00ed que el festival cuenta con espacios representativos dise\u00f1ados por \u00e9l.<\/span><\/p>\r\n\r\n\r\n\r\n<p><span lang=\"CA\">Creemos que es de gran importancia divulgar la obra de un arquitecto insigne pero desconocido entre el p\u00fablico no profesional de la arquitectura. Para poder explicar la poli\u00e9drica trayectoria de<\/span><span lang=\"CA\">\u00a0Dom\u00e8nech i Montaner, su obra se enmarca en su contexto social, hist\u00f3rico y estil\u00edstico, como reflejo del arte total: una obra en la que participaron\u00a0<\/span>ceramistas, mosaiquistas, escultores, vidrieros y herreros. \u00a0<\/p>\r\n","protected":false},"excerpt":{"rendered":"<p>En este 2023, una parte de la programaci\u00f3n del festival 48h Open House BCN se organiza alrededor del a\u00f1o Dom\u00e8nech i Montaner. Este a\u00f1o se conmemora el centenario de la muerte de este arquitecto catal\u00e1n, as\u00ed que el festival cuenta con espacios representativos dise\u00f1ados por \u00e9l. Creemos que es de gran importancia divulgar la obra [&hellip;]<\/p>\n","protected":false},"author":26,"featured_media":0,"parent":0,"menu_order":0,"comment_status":"closed","ping_status":"closed","template":"","meta":{"_acf_changed":false,"footnotes":""},"class_list":["post-45097","page","type-page","status-publish","hentry"],"acf":[],"_links":{"self":[{"href":"https:\/\/www.48hopenhousebarcelona.org\/es\/wp-json\/wp\/v2\/pages\/45097","targetHints":{"allow":["GET"]}}],"collection":[{"href":"https:\/\/www.48hopenhousebarcelona.org\/es\/wp-json\/wp\/v2\/pages"}],"about":[{"href":"https:\/\/www.48hopenhousebarcelona.org\/es\/wp-json\/wp\/v2\/types\/page"}],"author":[{"embeddable":true,"href":"https:\/\/www.48hopenhousebarcelona.org\/es\/wp-json\/wp\/v2\/users\/26"}],"replies":[{"embeddable":true,"href":"https:\/\/www.48hopenhousebarcelona.org\/es\/wp-json\/wp\/v2\/comments?post=45097"}],"version-history":[{"count":8,"href":"https:\/\/www.48hopenhousebarcelona.org\/es\/wp-json\/wp\/v2\/pages\/45097\/revisions"}],"predecessor-version":[{"id":50732,"href":"https:\/\/www.48hopenhousebarcelona.org\/es\/wp-json\/wp\/v2\/pages\/45097\/revisions\/50732"}],"wp:attachment":[{"href":"https:\/\/www.48hopenhousebarcelona.org\/es\/wp-json\/wp\/v2\/media?parent=45097"}],"curies":[{"name":"wp","href":"https:\/\/api.w.org\/{rel}","templated":true}]}}

DOMÈNECH I MONTANER: arquitecto del año 2023

<figure class="wp-block-image size-full"><img decoding="async" class="wp-image-45074" src="https://www.48hopenhousebarcelona.org/wp-content/uploads/2023/10/DOMENECH_CAMARALUZ.jpg" alt="" /></figure>



<p>En este 2023, u<span lang="CA">na parte de la programación del festival 48h Open House BCN se organiza alrededor del <strong>año</strong> <b>Domènech i Montaner</b>. Este año se conmemora el centenario de la muerte de este arquitecto catalán, así que el festival cuenta con espacios representativos diseñados por él.</span></p>



<p><span lang="CA">Creemos que es de gran importancia divulgar la obra de un arquitecto insigne pero desconocido entre el público no profesional de la arquitectura. Para poder explicar la poliédrica trayectoria de</span><span lang="CA"> Domènech i Montaner, su obra se enmarca en su contexto social, histórico y estilístico, como reflejo del arte total: una obra en la que participaron </span>ceramistas, mosaiquistas, escultores, vidrieros y herreros.  </p>

<p>En este 2023, una parte de la programación del festival 48h Open House BCN se organiza alrededor del año Domènech i Montaner. Este año se conmemora el centenario de la muerte de este arquitecto catalán, así que el festival cuenta con espacios representativos diseñados por él. Creemos que es de gran importancia divulgar la obra [&hellip;]</p>
